20?
15
Calculate the remainder when 3189 is divided by 84.
81
What is the remainder when 549 is divided by 16?
5
Calculate the remainder when 78 is divided by 16.
14
What is the remainder when 4 is divided by 2?
0
Calculate the remainder when 1524 is divided by 1518.
6
Calculate the remainder when 66 is divided by 26.
14
Calculate the remainder when 18 is divided by 1.
0
What is the remainder when 60 is divided by 17?
9
What is the remainder when 601 is divided by 229?
143
Calculate the remainder when 165 is divided by 8.
5
Calculate the remainder when 177 is divided by 49.
30
What is the remainder when 75 is divided by 57?
18
What is the remainder when 441 is divided by 74?
71
What is the remainder when 482 is divided by 59?
10
Calculate the remainder when 1386 is divided by 116.
110
Calculate the remainder when 4990 is divided by 104.
102
What is the remainder when 75 is divided by 51?
24
What is the remainder when 789 is divided by 51?
24
What is the remainder when 257 is divided by 99?
59
Calculate the remainder when 337 is divided by 23.
15
What is the remainder when 1021 is divided by 33?
31
What is the remainder when 1384 is divided by 47?
21
What is the remainder when 1064 is divided by 92?
52
What is the remainder when 196 is divided by 54?
34
Calculate the remainder when 471 is divided by 21.
9
What is the remainder when 5264 is divided by 39?
38
What is the remainder when 144 is divided by 32?
16
What is the remainder when 238 is divided by 20?
18
Calculate the remainder when 566 is divided by 74.
48
Calculate the remainder when 113 is divided by 99.
14
What is the remainder when 1140 is divided by 9?
6
Calculate the remainder when 1063 is divided by 26.
23
What is the remainder when 206 is divided by 7?
3
What is the remainder when 1074 is divided by 253?
62
Calculate the remainder when 1923 is divided by 26.
25
What is the remainder when 89 is divided by 26?
11
What is the remainder when 150 is divided by 81?
69
What is the remainder when 267 is divided by 34?
29
What is the remainder when 226 is divided by 122?
104
What is the remainder when 46 is divided by 6?
4
What is the remainder when 2067 is divided by 69?
66
What is the remainder when 4933 is divided by 352?
5
Calculate the remainder when 818 is divided by 69.
59
What is the remainder when 337 is divided by 114?
109
Calculate the remainder when 7169 is divided by 194.
185
Calculate the remainder when 341 is divided by 38.
37
Calculate the remainder when 3597 is divided by 53.
46
Calculate the remainder when 1549 is divided by 1545.
4
What is the remainder when 609 is divided by 102?
99
Calculate the remainder when 20 is divided by 8.
4
What is the remainder when 4255 is divided by 28?
27
Calculate the remainder when 620 is divided by 104.
100
What is the remainder when 1363 is divided by 152?
147
Calculate the remainder when 888 is divided by 42.
6
What is the remainder when 321 is divided by 2?
1
Calculate the remainder when 856 is divided by 10.
6
What is the remainder when 9545 is divided by 62?
59
Calculate the remainder when 611 is divided by 12.
11
Calculate the remainder when 808 is divided by 15.
13
Calculate the remainder when 2903 is divided by 22.
21
Calculate the remainder when 717 is divided by 36.
33
Calculate the remainder when 133 is divided by 17.
14
Calculate the remainder when 698 is divided by 50.
48
Calculate the remainder when 1101 is divided by 190.
151
Calculate the remainder when 508 is divided by 73.
70
Calculate the remainder when 1402 is divided by 463.
13
Calculate the remainder when 1488 is divided by 742.
4
Calculate the remainder when 67 is divided by 64.
3
What is the remainder when 46 is divided by 2?
0
Calculate the remainder when 434 is divided by 88.
82
Calculate the remainder when 960 is divided by 88.
80
What is the remainder when 82 is divided by 21?
19
Calculate the remainder when 1078 is divided by 134.
6
What is the remainder when 656 is divided by 12?
8
Calculate the remainder when 302 is divided by 78.
68
Calculate the remainder when 715 is divided by 24.
19
What is the remainder when 49 is divided by 31?
18
What is the remainder when 93 is divided by 34?
25
Calculate the remainder when 96 is divided by 34.
28
Calculate the remainder when 261 is divided by 22.
19
What is the remainder when 7 is divided by 3?
1
What is the remainder when 96 is divided by 68?
28
What is the remainder when 4697 is divided by 37?
35
Calculate the remainder when 2027 is divided by 604.
215
Calculate the remainder when 34602 is divided by 11.
7
Calculate the remainder when 1348 is divided by 429.
61
Calculate the remainder when 2960 is divided by 28.
20
Calculate the remainder when 385 is divided by 17.
11
What is the remainder when 565 is divided by 189?
187
What is the remainder when 1056 is divided by 151?
150
Calculate the remainder when 3670 is divided by 108.
106
Calculate the remainder when 54 is divided by 20.
14
Calculate the remainder when 650 is divided by 214.
8
Calculate the remainder when 406 is divided by 23.
15
Calculate the remainder when 75 is divided by 32.
11
Calculate the remainder when 411 is divided by 70.
61
What is the remainder when 170 is divided by 161?
9
Calculate the remainder when 770 is divided by 129.
125
What is the remainder when 859 is divided by 24?
19
Calculate the remainder when 5689 is divided by 1419.
13
Calculate the remainder when 1680 is divided by 278.
12
What is the remainder when 791 is divided by 44?
43
What is the remainder when 100 is divided by 29?
13
What is the remainder when 72 is divided by 49?
23
Calculate the remainder when 168 is divided by 5.
3
Calculate the remainder when 146 is divided by 75.
71
Calculate the remainder when 897 is divided by 29.
27
What is the remainder when 1212 is divided by 14?
8
What is the remainder when 6435 is divided by 41?
39
What is the remainder when 892 is divided by 5?
2
What is the remainder when 13 is divided by 2?
1
What is the remainder when 52 is divided by 35?
17
Calculate the remainder when 520 is divided by 106.
96
What is the remainder when 214 is divided by 60?
34
Calculate the remainder when 550 is divided by 42.
4
Calculate the remainder when 156 is divided by 82.
74
Calculate the remainder when 128 is divided by 17.
9
What is the remainder when 1128 is divided by 13?
10
Calculate the remainder when 663 is divided by 619.
44
What is the remainder when 399 is divided by 102?
93
Calculate the remainder when 1067 is divided by 112.
59
Calculate the remainder when 187 is divided by 27.
25
Calculate the remainder when 772 is divided by 37.
32
Calculate the remainder when 1218 is divided by 1196.
22
Calculate the remainder when 197 is divided by 68.
61
What is the remainder when 318 is divided by 32?
30
What is the remainder when 316 is divided by 40?
36
What is the remainder when 844 is divided by 41?
24
Calculate the remainder when 1359 is divided by 30.
9
What is the remainder when 148 is divided by 66?
16
What is the remainder when 86 is divided by 30?
26
Calculate the remainder when 279 is divided by 185.
94
Calculate the remainder when 2424 is divided by 122.
106
Calculate the remainder when 29 is divided by 2.
1
Calculate the remainder when 583 is divided by 45.
43
What is the remainder when 248 is divided by 75?
23
Calculate the remainder when 1817 is divided by 107.
105
What is the remainder when 439 is divided by 84?
19
Calculate the remainder when 212 is divided by 68.
8
What is the remainder when 25 is divided by 16?
9
What is the remainder when 5462 is divided by 2726?
10
Calculate the remainder when 1974 is divided by 66.
60
What is the remainder when 127 is divided by 89?
38
Calculate the remainder when 684 is divided by 125.
59
Calculate the remainder when 1631 is divided by 51.
50
What is the remainder when 562 is divided by 47?
45
What is the remainder when 118 is divided by 24?
22
What is the remainder when 58 is divided by 35?
23
What is the remainder when 589 is divided by 267?
55
What is the remainder when 1234 is divided by 330?
244
Calculate the remainder when 984 is divided by 10.
4
What is the remainder when 284 is divided by 60?
44
Calculate the remainder when 378 is divided by 125.
3
What is the remainder when 3236 is divid